t q(z) = -17 - 99*z + 12 + 90*z + 10*z**2 - 22 + z**3. Give q(-11).
-49
Let q(r) be the second derivative of -r**5/10 - r**4/6 - r**3/6 - 2*r. Suppose 1319*d - f = 1314*d + 4, 0 = -3*d - f + 12. Determine q(d).
-26
Let i(m) = m**2 + 2*m - 2. Suppose 6*a - 5 = 19. Suppose 0 = -a*r - 10 + 22. Suppose 0*p + 2*q = -r*p - 13, -p = 4*q + 1. Determine i(p).
13
Let v = 25414 - 25418. Let f(m) = -4*m**2 - m - 2. Let w(b) = 3*b**2 + 1. Let p(t) = 4*f(t) + 5*w(t). Calculate p(v).
-3
Let c(i) = i**3 + i**2 + 2*i + 1. Let w be (-3 - (-21)/6)*6. Let b be (-1 - (-6)/8)*(-24)/w. Suppose 5 = -s + b*o - 3*o, 2*o = 2*s - 6. What is c(s)?
-1
Suppose -13*p + 46 + 35 = -88. Let r(k) = -15 - k**2 + 44 + 2295*k - 2284*k. Determine r(p).
3
Let c(x) = 2*x**2 + 4*x - 1. Let z be 914/18 - ((-130)/18 - -7). Suppose v - z = 18*v. Calculate c(v).
5
Let n be (39 - -4)/(2 - 3). Let v = n - -45. Let t be 2/v + 1/(1/3). Let l(r) = -r**2 + 4*r + 1. Give l(t).
1
Let c(m) be the third derivative of m**7/840 + m**6/90 + m**5/120 + m**4/12 + 31*m**3/6 - 5*m**2 + 2. Let a(u) be the first derivative of c(u). Calculate a(-3).
8
Let c(o) = -9*o**3 - 2*o + 1. Let l(r) = 5*r**2 + 2*r - 1. Let j be l(1). Suppose -3*p - 126 = -j*p. Let m = 43 - p. What is c(m)?
-10
Let w(n) be the third derivative of n**6/120 + n**5/6 - n**4/6 - n**3/3 - 10160*n**2. Give w(-10).
38
Let s(f) = -13*f**2 + 4*f - 5. Let l(y) be the second derivative of y**4/4 - y**3/6 + y**2/2 + 85*y. Let n(u) = 9*l(u) + 2*s(u). What is n(-2)?
5
Let o(p) = p**2 + 12*p - 42. Suppose x = 2*m - 29, 382 = x + 2*m + 383. Give o(x).
3
Let n(i) be the first derivative of i**2 - 72*i + 1166. Give n(32).
-8
Let r(g) = 16*g**2 - 54*g + 213. Let z(p) = 3*p**2 - 11*p + 39. Let i(n) = -4*r(n) + 21*z(n). Give i(-2).
-7
Suppose 0 = 4*u - 3*o - 9 - 14, -4*u + 21 = -o. Let s(z) = -8 + 6 + 2*z**2 - 7*z**2 + 8*z**2 - 2*z**2. Determine s(u).
23
Let f(t) = -3*t + 23. Let b(n) be the second derivative of -n**4/6 + 10*n**3/3 - 4*n**2 - 2*n - 71. Let m be b(9). What is f(m)?
-7
Let c(h) be the second derivative of 146*h + 1/12*h**4 + 0 - 2/3*h**3 + 5/2*h**2. Calculate c(4).
5
Let x(g) be the first derivative of g**4/4 + 4*g**3/3 + 3*g**2/2 + g - 3448. Calculate x(-4).
-11
Suppose 21 = -26*q + 33*q. Suppose 4*l = -h - 27 + 26, 3*h = 4*l - q. Let t(j) = -j**2 - j + 4. What is t(l)?
4
Let n(k) = -k - 10. Let q = 20 - 20. Suppose -4*c - 3*p + 404 = q, -5*c = 3*p + 2*p - 505. Suppose -3*v = -86 + c. Give n(v).
-5
Let l(m) = m - m**2 + 3 + 2*m + 3*m**2. Let b be (4*(-4 + (-120)/(-32)))/(4/8). Determine l(b).
5
Let v(j) = j**3 + 5*j**2 + 5*j + 2. Let l(z) be the first derivative of -z**4/4 + 2*z**3 + 2*z**2 + 11*z + 12. Let q be l(6). Let h = -38 + q. Give v(h).
5
Let z be 4/(-16)*(-65 - 3 - 0/(-2)). Let d(q) = -q**3 + 16*q**2 + 21*q - 11. Give d(z).
57
Suppose r = j + 4, 580*r - 578*r + 5*j - 43 = 0. Let z(h) = -2*h**2 - 9*h + 11. Let i(u) = -u**2 - 10*u + 12. Let k(l) = 3*i(l) - 2*z(l). Give k(r).
-13
Let w(o) = -6*o - 427. Let h be w(-73). Let y(n) = -n - 18. Calculate y(h).
-29
Let o(f) = -106*f**2 + f + 36*f**2 + 5 + 71*f**2. What is o(-6)?
35
Let f(a) = 12*a**2 - a - 1. Let y = -5197 + 5201. Suppose -3*k - 4 = -52. Suppose 12*l + k = -y*l. Calculate f(l).
12
Let r(q) = -2*q**2 + 4*q + 1. Let m(b) = -b**3 - 4*b**2 - 3*b. Let c be m(-3). Let t be 10 + (-4 - c) + -3*1. Let l be (t/2)/(45/10 + -4). What is r(l)?
-5
Suppose -4*l + 3 = 2*u - 17, -6 = 3*u. Let d be (-2)/l - 3/(54/12). Let h(q) = -q - 9. Let s(o) = -1. Let c(w) = d*h(w) + 5*s(w). Give c(0).
4
Let d(m) = 214 - m + m**2 + 201 - 408. Let h be 0*3/9*3. What is d(h)?
7
Let s(r) be the first derivative of 19*r**2 + 7*r - 4079. Determine s(2).
83
Let x(o) = -4*o**3 + o**2 + 2*o + 1. Let i be (-7 - (-2 + -2)) + (-12)/(-2). Suppose -7 = -l - 4*g, 9 = 5*l + i*g + 8. What is x(l)?
4
Let q(o) = -o**2 - 12*o + 31. Let z be q(-14). Suppose u + 2*u = -3, 3*r = 4*u + 4. Let d = r - z. Let a(c) = -c**3 - 4*c**2 + 1. Determine a(d).
-8
Let x(z) be the first derivative of -7*z**2 + 27*z + 5396. What is x(3)?
-15
Let m(z) = z**2 - z - 20. Let k(x) = -x**2 + 32*x - 227. Let w be k(10). Calculate m(w).
36
Let k(w) = -w. Let s(l) be the first derivative of l**4/4 - 2*l**3/3 - 11*l**2/2 + 292. Let m(i) = 6*k(i) - s(i). Calculate m(4).
-12
Let w(q) = 3*q**3 + 2*q**2 - 7*q + 1. Let h be w(2). Let z be (19 - h)/(1*2). Let t(p) = 3 + 2 + z - 8 - p**2 - 2*p. Calculate t(-3).
-6
Let h(n) = -68*n - 4. Let o = 2741 + -2742. Determine h(o).
64
Suppose 10*b - 76 = 44. Let g = b - -24. Let p = g + -43. Let k(f) = -f**3 - 7*f**2 + f - 3. Give k(p).
-10
Let i(x) = 3*x + 25. Let v = -742 + 730. What is i(v)?
-11
Suppose -8*d + 2*b + 18 = -10*d, 57 = -5*d - 3*b. Let f(s) = 2*s**2 + 35*s + 78. Calculate f(d).
3
Let p(l) be the third derivative of 0*l - 122*l**2 + 1/24*l**4 + 0*l**3 + 11/60*l**5 + 0. What is p(-1)?
10
Let j(n) = 44*n + 9. Let a(o) = -11*o - 2. Let u(l) = -9*a(l) - 2*j(l). Suppose 3*d = 0, 62*c - d + 3 + 1 = 66*c. Determine u(c).
11
Let i(q) = -12*q + 13. Let c be ((-117)/18)/13*-2. Give i(c).
1
Let n be -9*75*9/(-15). Let g = -397 + n. Let c(r) = -r**3 + 8*r**2 + r - 9. What is c(g)?
-1
Suppose 7 - 11 = -2*c. Suppose c = 5*q + 4*i - 35, -2*i = -6. Let p(o) be the third derivative of o**5/60 - o**4/8 + 2*o**3/3 + 20*o**2. What is p(q)?
14
Let s(l) = -2*l + 2*l + 5 + 3*l - 2*l**2. Let a(t) = t**3 - 23*t**2 + 12*t + 50. Let f be a(23). Let w = 330 - f. Calculate s(w).
-15
Let f(a) = a**3 - 8*a**2 + 16*a - 12. Suppose 35*w = -25127 + 25337. Determine f(w).
12
Let h be ((-172)/10)/(10/(-25)). Let t = 46 - h. Let l(w) = -2 - w**2 + 2*w + t*w**2 - w**2 + 4. What is l(3)?
17
Let b(p) = -19*p**2 + 8*p + 36. Let a(t) = 5*t**2 - 6*t. Let o(x) = 4*a(x) + b(x). What is o(15)?
21
Let p be (-90)/75*5/(-3). Suppose 0 = -3*g + c + p, 2*c + 1 = 4*g - 1. Let q(o) = -14*o**2 - 2*o + 2. Determine q(g).
-14
Let q = -31087 + 31085. Let u(f) be the first derivative of -2 - 1/4*f**4 - 2*f**2 - 2*f - 4/3*f**3. Calculate u(q).
-2
Suppose 29*q - 144 = 233. Suppose -q*d - 2 = -12*d - 3*h, h = 0. Let y(f) = -f**3 - 3*f**2 + f + 4. Determine y(d).
-2
Let r(m) be the first derivative of -m**4 + m**3/3 + 9*m**2/2 + 13*m + 733. Calculate r(-2).
31
Let s(w) be the second derivative of w**4/12 - 5*w**3/3 + 31*w**2/2 - 345*w + 4. Calculate s(10).
31
Let p(d) be the first derivative of d**2/2 + 4*d + 1. Let m(n) = n**3 + 17*n**2 - 66*n + 373. Let i be m(-21). Give p(i).
-1
Suppose -2*r + 319 = -r - 12*r. Let o(d) = d**2 + 29*d - 4. Determine o(r).
-4
Let m(c) = -c + 6. Suppose 184 = 2*i - 0*i - 3*k, 348 = 4*i + 4*k. Let n = -84 + i. Suppose d - 4 = 4*z + 5, n = -5*z. Determine m(d).
1
Let k(o) = 3*o**3 - 17*o**2 + 10*o + 44. Let l(v) = 4*v**3 - 16*v**2 + 26*v + 42. Let g(c) = -3*k(c) + 2*l(c). Determine g(20).
-8
Let c(r) = -r**3 - 3*r**2 + 3*r + 12. Let g(b) = b**3 + 4*b**2 - 3*b - 11. Suppose -4*l - 6 = -a, -a - 4*a = 10. Let i(v) = l*c(v) - 3*g(v). What is i(-6)?
-9
Let t(m) be the first derivative of 2*m**3/3 + 3*m**2 + 3*m + 811. Let p be (-3)/(-4)*4*-3. Let w = p - -5. Calculate t(w).
11
Let b(f) = 2*f**3 - 4*f**2 + 2*f + 1. Let u(d) = -2*d**2 - 28*d - 48. Let g be u(-11). Suppose g*h - 58 + 22 = 0. Determine b(h).
5
Let c(y) = -y + 22. Suppose -8*m + 61 = -59. Calculate c(m).
7
Let f(l) = 256 - 786 + 24*l + 519. What is f(1)?
13
Let a(x) = -3*x**2 + 28*x - 3. Let l be a(9). Suppose 2*p - l = 3*p. Let n(q) = -6 + 14 - 4*q**2 - 6*q + 3*q**2. Determine n(p).
8
Suppose 8 = -m + 14. Let f(o) = 7*o - 11 + m*o + 4*o - 16*o. Determine f(0).
-11
Let b(g) = g**2 - 11*g - 45. Let v be b(14). Let l(s) be the first derivative of -s**4/4 - s**3 + 3*s**2/2 + s + 309. Give l(v).
-8
Let z(h) = -h**3 - 25*h**2 - 21*h + 55. Suppose 5*r = 2*n + 33, -5*n = -4*r - r + 105. Calculate z(n).
-17
Let s be (8/(-7))/(-2 + 4)*(19 - 5). Let d(m) = m**3 + 3*m**2 - 5*m - 2. Let k be d(-4). Let o(z) = -k*z**2 + 5*z**2 + z**3 + 2*z + 5*z**2 + 11. Determine o(s).
-5
Suppose 0 = -5*p - z + 7, -4*p + 467*z = 465*z. Let h(n) = -5*n - 8. Give h(p).
-13
Let r(h) = -3*h - 9. Let j(n) = 10*n - 128. Let i be j(13). Suppose -2*o - 4*w = -5*o, -3*o = i*w + 18. Determine r(o).
3
Suppose 15 = 3*s - 2*f, -2 + 4 = -s + 3*f. Let y(h) = -4693 + 29*h + 4693 + s*h + 2*h. What is y(1)?
38
Let d(